Is 58 a factor of 27893?
False
Is 6 a factor of 2214?
True
Is 775963 a multiple of 132?
False
Does 34 divide 99586?
True
Does 482 divide 315438?
False
Is 18802481 a multiple of 1989?
False
Is 19649960 a multiple of 27?
False
Does 199 divide 1872911?
False
Is 38333 a multiple of 213?
False
Is 7 a factor of 11942?
True
Is 279500 a multiple of 125?
True
Is 26792 a multiple of 53?
False
Does 6 divide 43158?
True
Is 22 a factor of 50358?
True
Is 12 a factor of 4441704?
True
Is 746680 a multiple of 55?
True
Does 52 divide 838292?
True
Does 24 divide 693894?
False
Does 170 divide 138420?
False
Is 1669050 a multiple of 50?
True
Is 270 a factor of 251910?
True
Is 3845951 a multiple of 231?
False
Is 23810304 a multiple of 1648?
True
Does 28 divide 7674744?
True
Is 214 a factor of 2080080?
True
Is 1168836 a multiple of 589?
False
Is 177 a factor of 335820?
False
Is 21 a factor of 683676?
True
Is 9234 a multiple of 6?
True
Is 6388864 a multiple of 1406?
True
Does 46 divide 36156?
True
Is 13 a factor of 3480081?
False
Is 2180074 a multiple of 191?
True
Does 971 divide 589081?
False
Is 103746 a multiple of 49?
False
Is 143 a factor of 1396376?
False
Is 14 a factor of 92764?
True
Is 280 a factor of 1312080?
True
Is 761008 a multiple of 132?
False
Does 1282 divide 2497020?
False
Is 49607 a multiple of 162?
False
Is 467372 a multiple of 353?
True
Does 18 divide 35568?
True
Is 83 a factor of 2284160?
True
Does 823 divide 644134?
False
Does 11 divide 57310?
True
Does 220 divide 118128?
False
Is 21 a factor of 2650851?
True
Is 14 a factor of 113431?
False
Is 1415404 a multiple of 23?
False
Is 100800 a multiple of 150?
True
Is 88 a factor of 21384?
True
Is 38216 a multiple of 28?
False
Is 1877290 a multiple of 10?
True
Does 84 divide 323568?
True
Does 237 divide 8312774?
False
Is 597132 a multiple of 54?
True
Is 17 a factor of 1023944?
True
Is 5 a factor of 8450?
True
Is 417148 a multiple of 155?
False
Is 109800 a multiple of 100?
True
Does 14 divide 246526?
True
Does 233 divide 116267?
True
Does 93 divide 2431671?
True
Is 103 a factor of 106443?
False
Does 17 divide 368339?
True
Is 18 a factor of 555174?
True
Is 4784132 a multiple of 10?
False
Is 468 a factor of 5066110?
False
Is 61 a factor of 34692?
False
Does 78 divide 1491204?
True
Is 131 a factor of 3226923?
True
Is 14 a factor of 6095894?
True
Is 2277665 a multiple of 67?
True
Is 16 a factor of 5055287?
False
Is 50749 a multiple of 31?
False
Does 201 divide 9906?
False
Is 387369 a multiple of 60?
False
Is 10 a factor of 189020?
True
Is 989737 a multiple of 31?
True
Is 232 a factor of 290928?
True
Does 145 divide 11888081?
False
Is 176 a factor of 262240?
True
Is 11 a factor of 280317?
False
Is 1335709 a multiple of 14?
False
Is 74 a factor of 21904?
True
Is 543 a factor of 1685472?
True
Is 12992 a multiple of 16?
True
Is 12 a factor of 4315824?
True
Does 28 divide 308376?
False
Is 171 a factor of 10508121?
True
Does 24 divide 1018392?
True
Is 3746938 a multiple of 1366?
True
Is 667575 a multiple of 115?
True
Is 11 a factor of 6240443?
True
Is 288 a factor of 163372?
False
Is 219 a factor of 743933?
False
Is 4 a factor of 99840?
True
Does 20 divide 71300?
True
Is 100 a factor of 153603?
False
Is 1528056 a multiple of 8?
True
Does 5 divide 105867?
False
Does 12 divide 10629478?
False
Does 403 divide 1093978?
False
Is 98 a factor of 306487?
False
Is 615419 a multiple of 681?
False
Does 342 divide 519156?
True
Is 199 a factor of 434479?
False
Does 24 divide 184555?
False
Does 3 divide 738361?
False
Is 85 a factor of 28490?
False
Does 29 divide 120263?
True
Is 1204307 a multiple of 16?
False
Is 26 a factor of 4271?
False
Does 7 divide 187689?
False
Does 582 divide 248422?
False
Does 11 divide 56826?
True
Does 845 divide 6296014?
False
Is 107 a factor of 534224?
False
Does 32 divide 8342752?
True
Is 450 a factor of 8490150?
True
Is 605775 a multiple of 1025?
True
Is 594 a factor of 110484?
True
Does 33 divide 90420?
True
Is 1176869 a multiple of 6?
False
Is 6 a factor of 3143970?
True
Does 3 divide 51623?
False
Is 6 a factor of 53724?
True
Does 1145 divide 670930?
False
Is 139 a factor of 2168122?
True
Is 1150931 a multiple of 27?
False
Is 3780338 a multiple of 53?
False
Does 203 divide 71909?
False
Is 38896 a multiple of 22?
True
Is 1333 a factor of 530902?
False
Is 408 a factor of 1758480?
True
Does 40 divide 12807443?
False
Is 37 a factor of 60385?
False
Is 52 a factor of 119466?
False
Does 4 divide 1313688?
True
Does 14 divide 2219248?
False
Is 85202 a multiple of 113?
True
Is 11813326 a multiple of 134?
False
Does 160 divide 4253807?
False
Is 1036084 a multiple of 28?
True
Is 525262 a multiple of 181?
True
Is 8768 a multiple of 103?
False
Is 16 a factor of 5600?
True
Is 478848 a multiple of 8?
True
Does 30 divide 1740900?
True
Is 123366 a multiple of 24?
False
Is 638 a factor of 5276402?
False
Does 30 divide 6175897?
False
Is 295800 a multiple of 136?
True
Is 1306179 a multiple of 189?
True
Is 89 a factor of 158242?
True
Is 2475 a factor of 19978200?
True
Is 35 a factor of 2796805?
False
Is 42 a factor of 4313102?
False
Is 131 a factor of 3016698?
False
Is 538296 a multiple of 6?
True
Does 51 divide 2332740?
True
Does 8 divide 792025?
False
Is 63 a factor of 7226478?
True
Is 24637 even?
False
Is 8 a factor of 1161904?
True
Does 91 divide 4841301?
False
Is 20812 a multiple of 44?
True
Is 46 a factor of 155066?
True
Is 6378 a multiple of 331?
False
Is 2257040 a multiple of 1036?
False
Is 35 a factor of 3478720?
True
Does 11 divide 1108241?
False
Does 3 divide 85275?
True
Is 7 a factor of 217814?
False
Does 29 divide 168722?
True
Does 584 divide 631491?
False
Is 14 a factor of 652701?
False
Is 40933 a multiple of 45?
False
Is 349 a factor of 1227912?
False
Is 158303 a multiple of 195?
False
Does 246 divide 838614?
True
Is 38016 a multiple of 48?
True
Does 45 divide 11043036?
False
Is 827054 a multiple of 5?
False
Is 313521 a multiple of 56?
False
Is 1279152 a multiple of 63?
True
Is 12630 a multiple of 3?
True
Is 1577 a multiple of 19?
True
Is 19 a factor of 39083?
True
Is 287 a factor of 14519?
False
Does 171 divide 2543?
False
Is 2418516 a multiple of 336?
False
Does 27 divide 508005?
True
Is 1115646 a multiple of 263?
True
Is 5196 a multiple of 65?
False
Is 30 a factor of 268920?
True
Is 51585 a multiple of 51?
False
Does 10 divide 3500?
True
Is 440802 a multiple of 18?
True
Is 58060 a multiple of 10?
True
Is 484 a factor of 773104?
False
Is 137 a factor of 158235?
True
Is 3579020 a multiple of 222?
False
Is 282 a factor of 598237?
False
Does 285 divide 4503977?
False
Does 68 divide 59772?
True
Is 3429757 a multiple of 62?
False
Is 2198330 a multiple of 108?
False
Is 46620 a multiple of 42?
True
Does 4 divide 8939?
False
Is 613021 a multiple of 47?
True
Is 10 a factor of 444850?
True
Is 2106316 a multiple of 213?
False
Is 162 a factor of 340983?
False
Is 212215 a multiple of 3?
False
Is 15 a factor of 2349710?
False
Is 12597756 a multiple of 51?
False
Does 514 divide 1368782?
True
Is 17 a factor of 36553?
False
Is 730 a factor of 813367?
False
Is 222 a factor of 1250304?
True
Is 179 a factor of 35704?
False
Is 3957824 a multiple of 67?
True
Is 118733 a multiple of 139?
False
Is 102 a factor of 285567?
False
Is 21720 a multiple of 60?
True
Is 20313620 a multiple of 1486?
True
Is 472313 a multiple of 127?
True
Is 1810491 a multiple of 19?
True
Does 48 divide 2933960?
False
Does 3 divide 21718?
False
Does 89 divide 2791129?
True
Does 397 divide 421083?
False
Is 11 a factor of 136037?
True
Does 3 divide 8505772?
False
Does 382 divide 1443960?
True
Does 10 divide 1928790?
True
Is 139492 a multiple of 3?
False
Does 55 divide 4428270?
True
Does 3 divide 887?
False
Is 177 a factor of 575427?
True
Is 142 a factor of 448492?
False
Does 17 divide 399381?
True
Is 253761 a multiple of 13?
False
Is 72 a factor of 246862?
False
Does 11 divide 267336?
False
Is 471 a factor of 372624?
False
Is 110 a factor of 46200?
True
Does 110 divide 5005510?
False
Is 1192743 a multiple of 860?
False
Is 23366729 a multiple of 1541?
False
Does 20 divide 6201273?
False
Is 59052 a multiple of 266?
True
Is 47 a factor of 247831?
True
Is 681678 a multiple of 15?
False
Is 48292 a multiple of 8?
False
Does 19 divide 2005103?
False
Is 133344